{"id":106,"date":"2024-06-27T11:33:38","date_gmt":"2024-06-27T11:33:38","guid":{"rendered":"https:\/\/www.arborem.es\/?page_id=106"},"modified":"2024-06-28T10:02:01","modified_gmt":"2024-06-28T10:02:01","slug":"servicios","status":"publish","type":"page","link":"https:\/\/www.arborem.es\/index.php\/servicios\/","title":{"rendered":"Servicios"},"content":{"rendered":"\t\t<div data-elementor-type=\"wp-page\" data-elementor-id=\"106\" class=\"elementor elementor-106\">\n\t\t\t\t\t\t<section class=\"elementor-section elementor-top-section elementor-element elementor-element-5003caf6 elementor-section-boxed elementor-section-height-default elementor-section-height-default\" data-id=\"5003caf6\" data-element_type=\"section\" data-settings=\"{&quot;background_background&quot;:&quot;classic&quot;}\">\n\t\t\t\t\t\t\t<div class=\"elementor-background-overlay\"><\/div>\n\t\t\t\t\t\t\t<div class=\"elementor-container elementor-column-gap-default\">\n\t\t\t\t\t<div class=\"elementor-column elementor-col-100 elementor-top-column elementor-element elementor-element-68997db9\" data-id=\"68997db9\" data-element_type=\"column\">\n\t\t\t<div class=\"elementor-widget-wrap elementor-element-populated\">\n\t\t\t\t\t\t<div class=\"elementor-element elementor-element-67276d01 elementor-widget elementor-widget-heading\" data-id=\"67276d01\" data-element_type=\"widget\" data-widget_type=\"heading.default\">\n\t\t\t\t<div class=\"elementor-widget-container\">\n\t\t\t\t\t<h1 class=\"elementor-heading-title elementor-size-default\">Add Your Heading Text Here<\/h1>\t\t\t\t<\/div>\n\t\t\t\t<\/div>\n\t\t\t\t\t<\/div>\n\t\t<\/div>\n\t\t\t\t\t<\/div>\n\t\t<\/section>\n\t\t\t\t<section class=\"elementor-section elementor-top-section elementor-element elementor-element-3674d8f9 elementor-section-boxed elementor-section-height-default elementor-section-height-default\" data-id=\"3674d8f9\" data-element_type=\"section\">\n\t\t\t\t\t\t<div class=\"elementor-container elementor-column-gap-default\">\n\t\t\t\t\t<div class=\"elementor-column elementor-col-100 elementor-top-column elementor-element elementor-element-d601f12\" data-id=\"d601f12\" data-element_type=\"column\">\n\t\t\t<div class=\"elementor-widget-wrap\">\n\t\t\t\t\t\t\t<\/div>\n\t\t<\/div>\n\t\t\t\t\t<\/div>\n\t\t<\/section>\n\t\t<div class=\"elementor-element elementor-element-3c2f97eb e-con-full e-flex e-con e-parent\" data-id=\"3c2f97eb\" data-element_type=\"container\" data-settings=\"{&quot;background_background&quot;:&quot;classic&quot;}\">\n\t\t<div class=\"elementor-element elementor-element-7b223d7a e-con-full e-flex e-con e-child\" data-id=\"7b223d7a\" data-element_type=\"container\">\n\t\t\t\t<div class=\"elementor-element elementor-element-41b31863 elementor-widget elementor-widget-heading\" data-id=\"41b31863\" data-element_type=\"widget\" data-widget_type=\"heading.default\">\n\t\t\t\t<div class=\"elementor-widget-container\">\n\t\t\t\t\t<h2 class=\"elementor-heading-title elementor-size-default\">Gesti\u00f3n de Aprovechamientos Forestales<\/h2>\t\t\t\t<\/div>\n\t\t\t\t<\/div>\n\t\t\t\t<div class=\"elementor-element elementor-element-229cb688 elementor-widget elementor-widget-text-editor\" data-id=\"229cb688\" data-element_type=\"widget\" data-widget_type=\"text-editor.default\">\n\t\t\t\t<div class=\"elementor-widget-container\">\n\t\t\t\t\t\t\t\t\t<ul><li>Extracci\u00f3n de Resina<\/li><\/ul>\t\t\t\t\t\t\t\t<\/div>\n\t\t\t\t<\/div>\n\t\t\t\t<\/div>\n\t\t<div class=\"elementor-element elementor-element-3b127fc4 e-con-full e-flex e-con e-child\" data-id=\"3b127fc4\" data-element_type=\"container\">\n\t\t\t\t<div class=\"elementor-element elementor-element-427a6b51 elementor-widget elementor-widget-image\" data-id=\"427a6b51\" data-element_type=\"widget\" data-widget_type=\"image.default\">\n\t\t\t\t<div class=\"elementor-widget-container\">\n\t\t\t\t\t\t\t\t\t\t\t\t\t\t\t<img fetchpriority=\"high\" decoding=\"async\" width=\"640\" height=\"447\" src=\"https:\/\/www.arborem.es\/wp-content\/uploads\/2024\/06\/e83f9a5e-2f1c-44cd-8cd6-d0344d6d4a21.jpg\" class=\"attachment-medium_large size-medium_large wp-image-178\" alt=\"\" srcset=\"https:\/\/www.arborem.es\/wp-content\/uploads\/2024\/06\/e83f9a5e-2f1c-44cd-8cd6-d0344d6d4a21.jpg 640w, https:\/\/www.arborem.es\/wp-content\/uploads\/2024\/06\/e83f9a5e-2f1c-44cd-8cd6-d0344d6d4a21-300x210.jpg 300w, https:\/\/www.arborem.es\/wp-content\/uploads\/2024\/06\/e83f9a5e-2f1c-44cd-8cd6-d0344d6d4a21-600x419.jpg 600w\" sizes=\"(max-width: 640px) 100vw, 640px\" \/>\t\t\t\t\t\t\t\t\t\t\t\t\t\t\t<\/div>\n\t\t\t\t<\/div>\n\t\t\t\t<\/div>\n\t\t\t\t<\/div>\n\t\t<div class=\"elementor-element elementor-element-76ab6de5 e-con-full e-flex e-con e-parent\" data-id=\"76ab6de5\" data-element_type=\"container\" data-settings=\"{&quot;background_background&quot;:&quot;classic&quot;}\">\n\t\t<div class=\"elementor-element elementor-element-243c6e66 e-con-full e-flex e-con e-child\" data-id=\"243c6e66\" data-element_type=\"container\">\n\t\t\t\t<div class=\"elementor-element elementor-element-711dbc57 elementor-widget elementor-widget-heading\" data-id=\"711dbc57\" data-element_type=\"widget\" data-widget_type=\"heading.default\">\n\t\t\t\t<div class=\"elementor-widget-container\">\n\t\t\t\t\t<h2 class=\"elementor-heading-title elementor-size-default\">Tareas Silv\u00edcolas<\/h2>\t\t\t\t<\/div>\n\t\t\t\t<\/div>\n\t\t\t\t<div class=\"elementor-element elementor-element-704a6e25 elementor-widget elementor-widget-text-editor\" data-id=\"704a6e25\" data-element_type=\"widget\" data-widget_type=\"text-editor.default\">\n\t\t\t\t<div class=\"elementor-widget-container\">\n\t\t\t\t\t\t\t\t\t<ul><li>Prevenci\u00f3n de Incendios<\/li><li>Restauraci\u00f3n de Ecosistemas Degradados<\/li><li>Repoblaciones y Densificaciones<\/li><\/ul>\t\t\t\t\t\t\t\t<\/div>\n\t\t\t\t<\/div>\n\t\t\t\t<\/div>\n\t\t<div class=\"elementor-element elementor-element-13950fb8 e-con-full e-flex e-con e-child\" data-id=\"13950fb8\" data-element_type=\"container\">\n\t\t\t\t<div class=\"elementor-element elementor-element-2015b316 elementor-widget elementor-widget-image\" data-id=\"2015b316\" data-element_type=\"widget\" data-widget_type=\"image.default\">\n\t\t\t\t<div class=\"elementor-widget-container\">\n\t\t\t\t\t\t\t\t\t\t\t\t\t\t\t<img decoding=\"async\" width=\"640\" height=\"447\" src=\"https:\/\/www.arborem.es\/wp-content\/uploads\/2024\/06\/a52f7be4-f471-4f57-867f-66a43d6cd22f.jpg\" class=\"attachment-medium_large size-medium_large wp-image-177\" alt=\"\" srcset=\"https:\/\/www.arborem.es\/wp-content\/uploads\/2024\/06\/a52f7be4-f471-4f57-867f-66a43d6cd22f.jpg 640w, https:\/\/www.arborem.es\/wp-content\/uploads\/2024\/06\/a52f7be4-f471-4f57-867f-66a43d6cd22f-300x210.jpg 300w, https:\/\/www.arborem.es\/wp-content\/uploads\/2024\/06\/a52f7be4-f471-4f57-867f-66a43d6cd22f-600x419.jpg 600w\" sizes=\"(max-width: 640px) 100vw, 640px\" \/>\t\t\t\t\t\t\t\t\t\t\t\t\t\t\t<\/div>\n\t\t\t\t<\/div>\n\t\t\t\t<\/div>\n\t\t\t\t<\/div>\n\t\t<div class=\"elementor-element elementor-element-14891fca e-con-full e-flex e-con e-parent\" data-id=\"14891fca\" data-element_type=\"container\" data-settings=\"{&quot;background_background&quot;:&quot;classic&quot;}\">\n\t\t<div class=\"elementor-element elementor-element-6ef35f8e e-con-full e-flex e-con e-child\" data-id=\"6ef35f8e\" data-element_type=\"container\">\n\t\t\t\t<div class=\"elementor-element elementor-element-d150c5d elementor-widget elementor-widget-heading\" data-id=\"d150c5d\" data-element_type=\"widget\" data-widget_type=\"heading.default\">\n\t\t\t\t<div class=\"elementor-widget-container\">\n\t\t\t\t\t<h2 class=\"elementor-heading-title elementor-size-default\">Gesti\u00f3n de Biomasa<\/h2>\t\t\t\t<\/div>\n\t\t\t\t<\/div>\n\t\t\t\t<div class=\"elementor-element elementor-element-2108e5fd elementor-widget elementor-widget-text-editor\" data-id=\"2108e5fd\" data-element_type=\"widget\" data-widget_type=\"text-editor.default\">\n\t\t\t\t<div class=\"elementor-widget-container\">\n\t\t\t\t\t\t\t\t\t<ul><li>Gesti\u00f3n de Biomasa<\/li><\/ul>\t\t\t\t\t\t\t\t<\/div>\n\t\t\t\t<\/div>\n\t\t\t\t<\/div>\n\t\t<div class=\"elementor-element elementor-element-320b9f47 e-con-full e-flex e-con e-child\" data-id=\"320b9f47\" data-element_type=\"container\">\n\t\t\t\t<div class=\"elementor-element elementor-element-6baa360e elementor-widget elementor-widget-image\" data-id=\"6baa360e\" data-element_type=\"widget\" data-widget_type=\"image.default\">\n\t\t\t\t<div class=\"elementor-widget-container\">\n\t\t\t\t\t\t\t\t\t\t\t\t\t\t\t<img decoding=\"async\" width=\"800\" height=\"534\" src=\"https:\/\/www.arborem.es\/wp-content\/uploads\/2024\/06\/the-wooden-pellets-2023-11-27-05-16-59-utc-1024x683.jpg\" class=\"attachment-large size-large wp-image-179\" alt=\"\" srcset=\"https:\/\/www.arborem.es\/wp-content\/uploads\/2024\/06\/the-wooden-pellets-2023-11-27-05-16-59-utc-1024x683.jpg 1024w, https:\/\/www.arborem.es\/wp-content\/uploads\/2024\/06\/the-wooden-pellets-2023-11-27-05-16-59-utc-300x200.jpg 300w, https:\/\/www.arborem.es\/wp-content\/uploads\/2024\/06\/the-wooden-pellets-2023-11-27-05-16-59-utc-768x512.jpg 768w, https:\/\/www.arborem.es\/wp-content\/uploads\/2024\/06\/the-wooden-pellets-2023-11-27-05-16-59-utc-1536x1024.jpg 1536w, https:\/\/www.arborem.es\/wp-content\/uploads\/2024\/06\/the-wooden-pellets-2023-11-27-05-16-59-utc-2048x1365.jpg 2048w, https:\/\/www.arborem.es\/wp-content\/uploads\/2024\/06\/the-wooden-pellets-2023-11-27-05-16-59-utc-600x400.jpg 600w\" sizes=\"(max-width: 800px) 100vw, 800px\" \/>\t\t\t\t\t\t\t\t\t\t\t\t\t\t\t<\/div>\n\t\t\t\t<\/div>\n\t\t\t\t<\/div>\n\t\t\t\t<\/div>\n\t\t\t\t<\/div>\n\t\t","protected":false},"excerpt":{"rendered":"<p>Gesti\u00f3n de Aprovechamientos Forestales Extracci\u00f3n de Resina Tareas Silv\u00edcolas Prevenci\u00f3n de Incendios Restauraci\u00f3n de Ecosistemas Degradados Repoblaciones y Densificaciones Gesti\u00f3n de Biomasa Gesti\u00f3n de Biomasa<\/p>\n","protected":false},"author":1,"featured_media":0,"parent":0,"menu_order":0,"comment_status":"closed","ping_status":"closed","template":"elementor_header_footer","meta":{"footnotes":""},"class_list":["post-106","page","type-page","status-publish","hentry"],"yoast_head":"<!-- This site is optimized with the Yoast SEO plugin v24.8.1 - https:\/\/yoast.com\/wordpress\/plugins\/seo\/ -->\n<title>Servicios - Servicios Forestales<\/title>\n<meta name=\"robots\" content=\"index, follow, max-snippet:-1, max-image-preview:large, max-video-preview:-1\" \/>\n<link rel=\"canonical\" href=\"https:\/\/www.arborem.es\/index.php\/servicios\/\" \/>\n<meta property=\"og:locale\" content=\"es_ES\" \/>\n<meta property=\"og:type\" content=\"article\" \/>\n<meta property=\"og:title\" content=\"Servicios - Servicios Forestales\" \/>\n<meta property=\"og:description\" content=\"Gesti\u00f3n de Aprovechamientos Forestales Extracci\u00f3n de Resina Tareas Silv\u00edcolas Prevenci\u00f3n de Incendios Restauraci\u00f3n de Ecosistemas Degradados Repoblaciones y Densificaciones Gesti\u00f3n de Biomasa Gesti\u00f3n de Biomasa\" \/>\n<meta property=\"og:url\" content=\"https:\/\/www.arborem.es\/index.php\/servicios\/\" \/>\n<meta property=\"og:site_name\" content=\"Servicios Forestales\" \/>\n<meta property=\"article:modified_time\" content=\"2024-06-28T10:02:01+00:00\" \/>\n<meta property=\"og:image\" content=\"https:\/\/www.arborem.es\/wp-content\/uploads\/2024\/06\/e83f9a5e-2f1c-44cd-8cd6-d0344d6d4a21.jpg\" \/>\n<meta name=\"twitter:card\" content=\"summary_large_image\" \/>\n<meta name=\"twitter:label1\" content=\"Tiempo de lectura\" \/>\n\t<meta name=\"twitter:data1\" content=\"1 minuto\" \/>\n<script type=\"application\/ld+json\" class=\"yoast-schema-graph\">{\"@context\":\"https:\/\/schema.org\",\"@graph\":[{\"@type\":\"WebPage\",\"@id\":\"https:\/\/www.arborem.es\/index.php\/servicios\/\",\"url\":\"https:\/\/www.arborem.es\/index.php\/servicios\/\",\"name\":\"Servicios - Servicios Forestales\",\"isPartOf\":{\"@id\":\"https:\/\/www.arborem.es\/#website\"},\"primaryImageOfPage\":{\"@id\":\"https:\/\/www.arborem.es\/index.php\/servicios\/#primaryimage\"},\"image\":{\"@id\":\"https:\/\/www.arborem.es\/index.php\/servicios\/#primaryimage\"},\"thumbnailUrl\":\"https:\/\/www.arborem.es\/wp-content\/uploads\/2024\/06\/e83f9a5e-2f1c-44cd-8cd6-d0344d6d4a21.jpg\",\"datePublished\":\"2024-06-27T11:33:38+00:00\",\"dateModified\":\"2024-06-28T10:02:01+00:00\",\"breadcrumb\":{\"@id\":\"https:\/\/www.arborem.es\/index.php\/servicios\/#breadcrumb\"},\"inLanguage\":\"es\",\"potentialAction\":[{\"@type\":\"ReadAction\",\"target\":[\"https:\/\/www.arborem.es\/index.php\/servicios\/\"]}]},{\"@type\":\"ImageObject\",\"inLanguage\":\"es\",\"@id\":\"https:\/\/www.arborem.es\/index.php\/servicios\/#primaryimage\",\"url\":\"https:\/\/www.arborem.es\/wp-content\/uploads\/2024\/06\/e83f9a5e-2f1c-44cd-8cd6-d0344d6d4a21.jpg\",\"contentUrl\":\"https:\/\/www.arborem.es\/wp-content\/uploads\/2024\/06\/e83f9a5e-2f1c-44cd-8cd6-d0344d6d4a21.jpg\",\"width\":640,\"height\":447},{\"@type\":\"BreadcrumbList\",\"@id\":\"https:\/\/www.arborem.es\/index.php\/servicios\/#breadcrumb\",\"itemListElement\":[{\"@type\":\"ListItem\",\"position\":1,\"name\":\"Portada\",\"item\":\"https:\/\/www.arborem.es\/\"},{\"@type\":\"ListItem\",\"position\":2,\"name\":\"Servicios\"}]},{\"@type\":\"WebSite\",\"@id\":\"https:\/\/www.arborem.es\/#website\",\"url\":\"https:\/\/www.arborem.es\/\",\"name\":\"Servicios Forestales\",\"description\":\"\",\"potentialAction\":[{\"@type\":\"SearchAction\",\"target\":{\"@type\":\"EntryPoint\",\"urlTemplate\":\"https:\/\/www.arborem.es\/?s={search_term_string}\"},\"query-input\":{\"@type\":\"PropertyValueSpecification\",\"valueRequired\":true,\"valueName\":\"search_term_string\"}}],\"inLanguage\":\"es\"}]}<\/script>\n<!-- \/ Yoast SEO plugin. -->","yoast_head_json":{"title":"Servicios - Servicios Forestales","robots":{"index":"index","follow":"follow","max-snippet":"max-snippet:-1","max-image-preview":"max-image-preview:large","max-video-preview":"max-video-preview:-1"},"canonical":"https:\/\/www.arborem.es\/index.php\/servicios\/","og_locale":"es_ES","og_type":"article","og_title":"Servicios - Servicios Forestales","og_description":"Gesti\u00f3n de Aprovechamientos Forestales Extracci\u00f3n de Resina Tareas Silv\u00edcolas Prevenci\u00f3n de Incendios Restauraci\u00f3n de Ecosistemas Degradados Repoblaciones y Densificaciones Gesti\u00f3n de Biomasa Gesti\u00f3n de Biomasa","og_url":"https:\/\/www.arborem.es\/index.php\/servicios\/","og_site_name":"Servicios Forestales","article_modified_time":"2024-06-28T10:02:01+00:00","og_image":[{"url":"https:\/\/www.arborem.es\/wp-content\/uploads\/2024\/06\/e83f9a5e-2f1c-44cd-8cd6-d0344d6d4a21.jpg","type":"","width":"","height":""}],"twitter_card":"summary_large_image","twitter_misc":{"Tiempo de lectura":"1 minuto"},"schema":{"@context":"https:\/\/schema.org","@graph":[{"@type":"WebPage","@id":"https:\/\/www.arborem.es\/index.php\/servicios\/","url":"https:\/\/www.arborem.es\/index.php\/servicios\/","name":"Servicios - Servicios Forestales","isPartOf":{"@id":"https:\/\/www.arborem.es\/#website"},"primaryImageOfPage":{"@id":"https:\/\/www.arborem.es\/index.php\/servicios\/#primaryimage"},"image":{"@id":"https:\/\/www.arborem.es\/index.php\/servicios\/#primaryimage"},"thumbnailUrl":"https:\/\/www.arborem.es\/wp-content\/uploads\/2024\/06\/e83f9a5e-2f1c-44cd-8cd6-d0344d6d4a21.jpg","datePublished":"2024-06-27T11:33:38+00:00","dateModified":"2024-06-28T10:02:01+00:00","breadcrumb":{"@id":"https:\/\/www.arborem.es\/index.php\/servicios\/#breadcrumb"},"inLanguage":"es","potentialAction":[{"@type":"ReadAction","target":["https:\/\/www.arborem.es\/index.php\/servicios\/"]}]},{"@type":"ImageObject","inLanguage":"es","@id":"https:\/\/www.arborem.es\/index.php\/servicios\/#primaryimage","url":"https:\/\/www.arborem.es\/wp-content\/uploads\/2024\/06\/e83f9a5e-2f1c-44cd-8cd6-d0344d6d4a21.jpg","contentUrl":"https:\/\/www.arborem.es\/wp-content\/uploads\/2024\/06\/e83f9a5e-2f1c-44cd-8cd6-d0344d6d4a21.jpg","width":640,"height":447},{"@type":"BreadcrumbList","@id":"https:\/\/www.arborem.es\/index.php\/servicios\/#breadcrumb","itemListElement":[{"@type":"ListItem","position":1,"name":"Portada","item":"https:\/\/www.arborem.es\/"},{"@type":"ListItem","position":2,"name":"Servicios"}]},{"@type":"WebSite","@id":"https:\/\/www.arborem.es\/#website","url":"https:\/\/www.arborem.es\/","name":"Servicios Forestales","description":"","potentialAction":[{"@type":"SearchAction","target":{"@type":"EntryPoint","urlTemplate":"https:\/\/www.arborem.es\/?s={search_term_string}"},"query-input":{"@type":"PropertyValueSpecification","valueRequired":true,"valueName":"search_term_string"}}],"inLanguage":"es"}]}},"_links":{"self":[{"href":"https:\/\/www.arborem.es\/index.php\/wp-json\/wp\/v2\/pages\/106","targetHints":{"allow":["GET"]}}],"collection":[{"href":"https:\/\/www.arborem.es\/index.php\/wp-json\/wp\/v2\/pages"}],"about":[{"href":"https:\/\/www.arborem.es\/index.php\/wp-json\/wp\/v2\/types\/page"}],"author":[{"embeddable":true,"href":"https:\/\/www.arborem.es\/index.php\/wp-json\/wp\/v2\/users\/1"}],"replies":[{"embeddable":true,"href":"https:\/\/www.arborem.es\/index.php\/wp-json\/wp\/v2\/comments?post=106"}],"version-history":[{"count":12,"href":"https:\/\/www.arborem.es\/index.php\/wp-json\/wp\/v2\/pages\/106\/revisions"}],"predecessor-version":[{"id":182,"href":"https:\/\/www.arborem.es\/index.php\/wp-json\/wp\/v2\/pages\/106\/revisions\/182"}],"wp:attachment":[{"href":"https:\/\/www.arborem.es\/index.php\/wp-json\/wp\/v2\/media?parent=106"}],"curies":[{"name":"wp","href":"https:\/\/api.w.org\/{rel}","templated":true}]}}